atest common factor of v and 21?
7
Suppose -2*m = 4*f - 472, -4*m - 5*f = -892 - 58. Let b = 246 - m. Suppose 0 = -5*h + 2*h + 72. What is the greatest common divisor of h and b?
6
Let d(a) = -a**2 - 6*a + 17. Suppose 14*t + 21 = 11*t. Let q be d(t). Let z be (15/2)/((15/q)/3). Calculate the greatest common factor of z and 35.
5
Let y(l) = 25*l**2 + 6*l - 13. Let w be y(2). Let k = -59 + w. What is the highest common divisor of 24 and k?
8
Let j = -12869 + 12906. Calculate the highest common factor of j and 8.
1
Suppose 3*g - 39 = -3*j, -830*j + 831*j + 7 = 0. Calculate the highest common divisor of g and 11170.
10
Let c be ((-865)/(-95) - 9) + (-192)/19. Let k be (-30)/12 - 305/c. Calculate the highest common factor of 14 and k.
14
Let n = -374 - -376. Suppose 0 = n*u - 257 + 61. Calculate the greatest common factor of 112 and u.
14
Suppose 0 = 4*d - 5*f - 236, 2*d - 2*f + 4 = 124. What is the greatest common factor of d and 44?
4
Let s = 3324 - 3321. Let n = 4 - 2. Suppose 2*o = s*d + 21, n*o + 0*d - d = 27. What is the highest common factor of 45 and o?
15
Let o = -10385 + 11281. What is the highest common divisor of 4368 and o?
112
Let b be ((-48)/20)/(-2 + (-44)/(-20)). Let u = b + 18. What is the greatest common factor of u and 8?
2
Suppose 869*s + 4*n = 866*s + 352, -3*s - 3*n = -345. Calculate the highest common divisor of 738 and s.
18
Let o(s) = 2*s**2 - 78*s + 135. Let u(c) = -c**2 + 39*c - 70. Let n(h) = -3*o(h) - 5*u(h). Let f be n(34). What is the highest common divisor of 10 and f?
5
Let o = 5657 + -5588. Calculate the highest common divisor of o and 1127.
23
Let g(y) = y**2 - 8 - 4 - 35*y - 13 + 36*y. Let m be g(5). Suppose 10 = 5*k, 3*k - 103 = -m*z + 53. What is the highest common divisor of z and 10?
10
Let v = 2301 - 1399. What is the greatest common divisor of 738 and v?
82
Suppose -4*a + 128 - 158 = -2*w, 0 = -3*w - 2*a + 21. Calculate the greatest common factor of 4716 and w.
9
Let t be 200/15 - (-5)/3. Let m(h) = -2*h**2 + 31*h - 9. Let j be m(t). What is the highest common divisor of 186 and j?
6
Suppose -8*b = 470*n - 469*n - 958, -2*n = -4*b + 484. Let t = -138 - -210. What is the highest common divisor of b and t?
24
Suppose -3*z + 183 = 5*k - 177, 5*z - 578 = -k. Calculate the greatest common divisor of z and 506.
23
Suppose -2*y + 5*m = -40505, -2*m + 18 = 4. Calculate the highest common factor of y and 10.
10
Suppose 18*z - 7400 = 13*z. Calculate the highest common factor of 40 and z.
40
Let d = 179 - 179. Suppose d*s - b - 96 = -4*s, 96 = 4*s - 4*b. What is the highest common factor of 192 and s?
24
Suppose -4*r - 8690 = -2*a + 8692, 3*a - 2*r = 26057. Calculate the greatest common factor of a and 38.
19
Suppose 22*t + 51*t - 13234 - 2972 = 0. What is the greatest common divisor of t and 54?
6
Suppose 24*a - 33*a + 162 = 0. Suppose a*x - 117 = 5*x. What is the greatest common divisor of x and 45?
9
Let u(t) = 2*t**3 + 124*t**2 - t - 44. Let f be u(-62). What is the greatest common factor of f and 2934?
18
Let z(s) be the second derivative of s**4/4 + 3*s**2 - 16*s. Let f be z(2). Calculate the highest common factor of 270 and f.
18
Suppose 0 = -13*i + 2272 - 764. Calculate the greatest common divisor of 12 and i.
4
Let x(u) = 42*u**2 - 73*u - 455. Let l be x(-10). Calculate the highest common factor of l and 25.
25
Let n = -218 + 224. Suppose 0 = -3*t + 4*d + 140, -t + n*d + 50 = 8*d. What is the highest common factor of t and 42?
6
Suppose 19*z - 14*z = 2*n + 14, 2*z = 2*n + 8. Suppose -z*w + 6 = 0, -3*w - 6 = 3*a - 99. What is the highest common divisor of a and 154?
14
Let r(a) = -a**3 - 28*a**2 + 22*a - 32. Let g be r(-29). Let i = 495 - g. Calculate the greatest common divisor of 24 and i.
12
Let q be -8*-3*56/14. What is the greatest common factor of q and 45?
3
Let t be (-2 + 1)/((-2)/4). Suppose t*z - 7 = -j, 3*z + 0*z + 5*j = 0. Suppose 0 = n - 74 + 19. Calculate the greatest common factor of n and z.
5
Suppose 2*a + 13 = 5*r - 0*a, -3*r + 3*a + 6 = 0. Suppose -2*q + 87 = -r*u, 5*q - 71 = 2*u + 119. Calculate the greatest common divisor of q and 84.
12
Let y = -157 - -237. Suppose -17*l + 33*l = y. Calculate the highest common factor of 215 and l.
5
Let i(v) = 184*v - 2160. Let s be i(12). Calculate the greatest common factor of 9336 and s.
24
Suppose -2 = n - 15. Suppose -d + 3*b + 687 = 0, 0 = 2*d + 5*b + 28 - 1457. Suppose -20*p = -26*p + d. Calculate the highest common factor of p and n.
13
Suppose -5*v - 4*p + 23498 = 0, 2*v - 80*p = -76*p + 9444. What is the greatest common divisor of 338 and v?
26
Let r be 12/96 + (-25)/8. Let v(z) = -2*z**3 - 5*z**2 + 4*z + 5. Let k be v(r). Let d be (-2)/(-3)*(42/6 + -1). Calculate the greatest common factor of d and k.
2
Let q(g) be the third derivative of g**4/24 + 4*g**3/3 - 3*g**2. Let m be q(3). Suppose -a - 2 = -m. What is the greatest common divisor of a and 63?
9
Let c = -2357 + 2455. Calculate the greatest common factor of 2646 and c.
98
Let h(f) = -f + 14. Let b be h(18). Let s(g) = -g**3 - 5*g**2 + 2*g + 25. Let n be s(b). What is the greatest common divisor of n and 11?
1
Let t = 51 + -102. Let r be 36*((t/4)/(-3) - -2). What is the highest common divisor of r and 9?
9
Suppose -4*n = -344 + 56. Let f = -166 - -169. Suppose -f*p + 88 = 8*p. What is the highest common divisor of n and p?
8
Let k = 38 + 14. Let r be (-20)/(-50)*(-1*2 + 22). Suppose -6*m - 936 = -r*m. Calculate the highest common factor of k and m.
52
Let i(u) = u**3 - u + 1. Let c(k) = 4*k**3 - 6*k**2 - 8*k - 5. Let h(q) = -c(q) + 3*i(q). Let b be h(6). What is the highest common factor of 285 and b?
19
Suppose -2*o + 6 = -94. Let u be (16 - (12 - 3)) + 75. Let c = u - o. Calculate the highest common factor of 8 and c.
8
Let x = -175 - -176. Let t be x/(2/48) - 5. What is the greatest common divisor of t and 95?
19
Let t(n) = -5*n + 41. Let g be t(10). Let l(x) = x + 35. Let z be l(-15). Let i be (g + z)*(-2)/(-1). Calculate the greatest common divisor of 154 and i.
22
Let f = -2664 + 2736. Calculate the highest common factor of f and 81.
9
Let w = -1197 - -1197. Let c be 1/4 - (-244)/(-16). Let v be (-53)/(-3) - (5/c - w). Calculate the highest common divisor of 6 and v.
6
Suppose -5*w - 12 + 2 = 0, -3*b - 12 = 3*w. Let y(k) = 11*k**2 - 4*k - 4. Let l be y(b). Let n = 58 - l. Calculate the highest common divisor of 110 and n.
10
Let m(z) = -z**2 + 18*z - 11. Let b be m(14). Suppose -3*t - 4*s = -843, -86*t = -88*t + 4*s + 582. Calculate the highest common factor of t and b.
15
Let j = 12301 - 12209. Suppose 100 = 5*h - 9*h. Let z = 71 + h. What is the highest common divisor of j and z?
46
Suppose -2*f + 3 = -1. Let p = 1 + f. Let s(v) = 27*v + 102. Let y be s(-3). What is the highest common divisor of y and p?
3
Suppose 4135 = 4*r - c, 23*r - 2*c - 4142 = 19*r. Calculate the highest common divisor of r and 3.
3
Let w(d) = 29*d**2 - 7*d + 6. Let n be w(1). Let h = n + -26. Calculate the highest common divisor of 10 and h.
2
Suppose 112 + 10 - 10 = 4*j. Calculate the greatest common factor of 259 and j.
7
Let f = 453 + -86. Suppose 4*a - 399 = -f. Let o = 56 - 40. What is the greatest common divisor of o and a?
8
Suppose 2*u - 47 = -5*m + 14, 0 = -5*u + 5*m + 240. Let j be 344/u - (4 - -1). What is the highest common divisor of 3 and j?
3
Suppose 0 = 5*q - 30 - 50. Suppose 12*f - 144 = 468. Suppose f + 37 = 11*a. What is the greatest common divisor of q and a?
8
Let v(c) = -8*c - 113. Suppose 0 = -d - 873 + 855. Let k be v(d). What is the greatest common factor of 155 and k?
31
Let p = -129 - -204. Suppose -38*g - p = -43*g. Let x(s) = 2*s**3 - 9*s**2 + 2*s. Let z be x(6). What is the highest common divisor of z and g?
15
Suppose -11*j = -678 + 216. Suppose 418*o - j = 416*o. What is the highest common factor of 105 and o?
21
Let y = 1097 + 1453. Suppose 9*u + 16*u = y. Calculate the highest common divisor of u and 6.
6
Suppose 0 = -6*z + 11*z - 5*a - 100, -3*a = z. Suppose -5*p = -z, -y - 75 = 5*p - 586. Calculate the greatest common divisor of 93 and y.
31
Let l(b) = 6*b**2. Let i be l(-6). Suppose -74 = -21*f + 10. Let z be 8/f + (-6 - -31). Calculate the highest common divisor of z and i.
27
Let g(i) = -3*i + 6*i - 92 + 62. Let y be g(26). Calculate the highest common divisor o